
Convert 110100001010111110 (base 2) to base 9.
355117
-7056789 (base 10) to base 4
-122322312111
What is 6341142 (base 7) in base 16?
bb185
What is 1101011010101100010 (base 2) in base 16?
6b562
What is -3438311 (base 9) in base 15?
-26a027
Convert -1188ada (base 14) to base 13.
-1980acc
Convert -1d3578 (base 14) to base 10.
-1046550
What is -297ed (base 16) in base 3?
-22122011000
16a157 (base 12) to base 6
12212551
-23cee (base 16) to base 10
-146670
Convert -21030 (base 4) to base 13.
-363
3533120 (base 6) to base 13
65652
-82346 (base 10) to base 14
-2201c
What is -10100100111011111001 (base 2) in base 13?
-1a8666
-aa698 (base 11) to base 8
-471451
40a6b (base 12) to base 11
58509
-63a12 (base 13) to base 9
-303404
What is -1424414 (base 7) in base 2?
-101110101100011010
What is 42200143 (base 5) in base 11?
219aa6
Convert -1a9602 (base 11) to base 8.
-1161250
What is -2746658 (base 13) in base 6?
-1121212142
Convert 417595 (base 10) to base 9.
705744
-1144414 (base 8) to base 6
-10415524
What is -b97c7 (base 13) in base 8?
-1216672
Convert -aa61a (base 14) to base 2.
-1100100110010000000
23000331 (base 4) to base 6
544513
Convert 22202111002 (base 3) to base 16.
2a16d
What is 10fcd1 (base 16) in base 7?
12314523
What is 211221211 (base 4) in base 3?
21211112121
Convert -28707 (base 14) to base 4.
-120131003
What is 333651 (base 8) in base 2?
11011011110101001
Convert 3450076 (base 8) to base 7.
10654554
11439 (base 10) to base 9
16620
Convert -acc (base 14) to base 7.
-6145
Convert 111111111000011000011 (base 2) to base 11.
11aa766
Convert 314231022 (base 5) to base 3.
2111002202010
-120401 (base 5) to base 4
-1011330
Convert -200022021202 (base 3) to base 6.
-11420115
What is 30d58 (base 16) in base 4?
300311120
Convert ea7cf (base 16) to base 13.
27822a
8cdbd6 (base 14) to base 5
2212122400
What is -54101504 (base 6) in base 13?
-43a9a4
Convert -62078a (base 11) to base 12.
-400845
-154a41 (base 13) to base 10
-524629
Convert -252167 (base 10) to base 3.
-110210220112
3144461 (base 8) to base 13
234529
Convert 10052 (base 12) to base 2.
101000100111110
-7cb46 (base 13) to base 10
-228208
-a9639 (base 13) to base 9
-516324
What is 3150562 (base 7) in base 4?
1131101200
What is 59ccc (base 13) in base 9?
271022
Convert -3128097 (base 11) to base 13.
-11b1790
What is 22011202221 (base 3) in base 5?
20122240
Convert -100101101101100010011 (base 2) to base 9.
-2283084
Convert 32011320030 (base 4) to base 7.
43253643
Convert 42b239 (base 14) to base 9.
4222377
-3a18b (base 15) to base 16
-2d67d
Convert -2141453 (base 6) to base 10.
-106665
What is 2560b5 (base 12) in base 6?
21040345
Convert 262236 (base 7) to base 13.
192c3
What is 1323603 (base 7) in base 3?
22211221210
Convert 21214324 (base 5) to base 14.
494dd
What is 45306635 (base 7) in base 16?
3c0bf0
-49ba6e (base 16) to base 11
-2800275
What is -6150727 (base 8) in base 15?
-221e3d
Convert -231f (base 16) to base 9.
-13300
What is -2072408 (base 9) in base 6?
-35445355
3437 (base 15) to base 10
11077
What is 61216652 (base 7) in base 12?
18599bb
Convert 111202313202 (base 4) to base 5.
2421212332
What is 66e4d (base 16) in base 8?
1467115
What is 770956 (base 10) in base 6?
24305124
What is -455713 (base 10) in base 2?
-1101111010000100001
What is -9013825 (base 10) in base 7?
-136421242
What is 80321 (base 16) in base 10?
525089
Convert -2d9d0 (base 15) to base 8.
-437621
What is 862730 (base 9) in base 13?
14cb3b
Convert 439009 (base 11) to base 3.
1022120101012
134c27a (base 13) to base 14
b44539
What is 5515806 (base 9) in base 14?
571cd0
What is 28377 (base 13) in base 5?
4402203
Convert -461c87 (base 13) to base 3.
-10010101021212
What is -25568aa (base 13) in base 5?
-10441330222
Convert 323121022 (base 4) to base 10.
243274
42064463 (base 7) to base 8
15414621
What is 3b9cc (base 14) in base 10?
147376
Convert -2407267 (base 12) to base 9.
-14117377
Convert -211021200200101 (base 3) to base 5.
-11012434401
Convert 11011111100111100101 (base 2) to base 6.
31344245
What is 8541464 (base 9) in base 5?
2132333003
Convert ca16e4 (base 16) to base 8.
62413344
-2101317 (base 9) to base 15
-172ab4
Convert -558c89 (base 14) to base 13.
-7a9708
What is -120010101211100 (base 3) in base 15?
-a8bbdc
What is -58a2387 (base 11) in base 15?
-d858cd
What is 102022002212 (base 3) in base 15?
45d82
Convert 19c6e5 (base 15) to base 13.
350234
Convert -1590a4 (base 12) to base 16.
-59e3c
What is -10021222001 (base 3) in base 12?
-31647
What is -11101111010110010 (base 2) in base 12?
-5ab02
850866 (base 10) to base 11
5312a5
23013203013 (base 4) to base 13
7b0777
1347115 (base 9) to base 5
142140110
Convert -539315 (base 11) to base 15.
-12040b
What is 178f1 (base 16) in base 4?
113203301
Convert -642425 (base 8) to base 11.
-137002
Convert 6ca31 (base 15) to base 5.
42042141
Convert b7253 (base 16) to base 5.
143001123
Convert 1111001001011010001001 (base 2) to base 11.
2272275
Convert 2b313 (base 12) to base 4.
32313333
Convert 10000000000010101 (base 2) to base 15.
14657
Convert -10c124 (base 16) to base 5.
-240114040
4423a (base 12) to base 5
10341230
4888a (base 11) to base 15
15c53
What is 18b444 (base 15) in base 6?
41434544
Convert 369238 (base 13) to base 6.
43551311
What is -114616104 (base 7) in base 12?
-2496006
What is -11111001101110111 (base 2) in base 8?
-371567
What is -420301 (base 7) in base 9?
-120007
What is b540a9 (base 12) in base 4?
22313102001
-141706 (base 8) to base 4
-30033012
-70317 (base 8) to base 6
-341411
What is 3281 (base 12) in base 8?
12701
Convert 17a867a (base 11) to base 9.
5668112
Convert 22021222010010 (base 3) to base 16.
43441b
Convert -1ac129 (base 15) to base 5.
-313301024
Convert 544262 (base 11) to base 14.
188bdb
What is -16820 (base 16) in base 14?
-25852
Convert 12111221201 (base 3) to base 5.
11433321
What is -1872 (base 15) in base 3?
-21020122
Convert 47920 (base 10) to base 16.
bb30
What is 5390690 (base 11) in base 12?
320a468
107185b (base 14) to base 7
123215544
-1250553 (base 8) to base 7
-2651050
What is 87602 (base 14) in base 11?
204242
93751 (base 10) to base 16
16e37
4140476 (base 8) to base 14
20823c
Convert -14431024 (base 6) to base 2.
-1111010100000011000
Convert -37718 (base 13) to base 16.
-18f7a
What is a31422 (base 13) in base 2?
1110100000000110101010
Convert 100110100111101111 (base 2) to base 10.
158191
Convert -4105531 (base 6) to base 12.
-952a7
What is -91121 (base 10) in base 8?
-261761
What is -78334 (base 13) in base 8?
-651705
Convert 10000001110100101100 (base 2) to base 11.
333575
1c60c (base 16) to base 5
12204421
Convert 185404 (base 16) to base 8.
6052004
Convert 4241571 (base 8) to base 2.
100010100001101111001
What is -7f26da (base 16) in base 2?
-11111110010011011011010
What is 200805 (base 10) in base 15?
3e770
Convert -200650350 (base 7) to base 13.
-2548440
474658 (base 11) to base 9
1366578
-116587 (base 11) to base 15
-3996d
Convert 23517 (base 13) to base 6.
1214550
Convert d737a (base 14) to base 7.
4262013
150158 (base 10) to base 16
24a8e
What is -4153060 (base 7) in base 8?
-1721377
5cad0 (base 16) to base 12
163814
Convert 32cd (base 16) to base 8.
31315
Convert edea88 (base 15) to base 16.
ad04fb
-45c4 (base 14) to base 13
-569c
Convert -4041032 (base 11) to base 13.
-1632909
3505655 (base 8) to base 13
274b7a
Convert -41511225 (base 6) to base 5.
-302110011
Convert 14011840 (base 9) to base 16.
698a63
76468 (base 15) to base 3
201002020222
What is -9a4c0 (base 14) in base 2?
-1011011010101111000
What is 2303413 (base 5) in base 10?
41108
What is -1058b9 (base 15) in base 5?
-144400344
What is 111310123332 (base 4) in base 9?
11677080
What is 2506215 (base 9) in base 4?
11030223311
Convert -1132321320 (base 4) to base 2.
-1011110111001111000
What is 12de4 (base 15) in base 3?
10002000021
Convert 15ba6 (base 14) to base 7.
314466
2208537 (base 11) to base 7
44643541
What is -10010000100000100001 (base 2) in base 7?
-5013446
What is 1c3b0 (base 13) in base 8?
154427
Convert 93a2 (base 12) to base 13.
743c
What is -804911 (base 11) in base 9?
-2383153
What is -11012011120022 (base 3) in base 12?
-8b5098
-56142 (base 8) to base 7
-125644
Convert 52091 (base 13) to base 11.
a0755
Convert -24234